f 686 and l?
7
Let t be 136/(-12) - 6*5/45. Let g be -17 - 3*(-2)/3. Let x be (g/12 + 0)*t. What is the highest common factor of x and 30?
15
Let y(b) = -b**3 - 4*b**2 + 10*b + 3. Let p be y(-6). Calculate the highest common divisor of 3 and p.
3
Let x = 225 - 199. What is the highest common divisor of x and 2?
2
Let x = 333 - 186. What is the highest common factor of x and 42?
21
Let a be ((-516)/20)/(-1)*10. Calculate the greatest common factor of 4 and a.
2
Suppose 5*d - 18*h + 17*h = 179, 2*d + 4*h = 76. Let a = 6 - -3. What is the highest common factor of d and a?
9
Suppose -4*y + 168 = 2*z - 0*z, -4*y + 76 = z. Suppose -24 = -2*f + 22. What is the highest common factor of f and z?
23
Let w be (6/9)/((-24)/(-36)). Let y = 1 + 2. Calculate the highest common factor of y and w.
1
Suppose 5*f - 68 = -7*o, 10 + 1 = f + 4*o. Calculate the highest common factor of 405 and f.
15
Let x be (-9)/(-6)*7/(14/40). Calculate the highest common divisor of 435 and x.
15
Let h(g) = 63*g**3 - g**2 - g + 2. Let d be h(1). Suppose 5*s - 102 = d. What is the greatest common divisor of 297 and s?
33
Suppose -17 + 401 = 4*o. Let t(g) = -3*g - 1. Let k(d) = 2*d. Let a(f) = -5*k(f) - 3*t(f). Let b be a(-9). Calculate the greatest common factor of b and o.
12
Let y(m) = m**3 - 4*m**2 + 8*m - 17. Let f be y(4). Let d be 3 - (120/(-2) - -3). What is the highest common divisor of f and d?
15
Let j = 148 - -32. Let l = j + -122. Calculate the greatest common factor of l and 29.
29
Let a be (20 - 82) + 1 + -1 + 1. Let g = -33 - a. What is the highest common factor of g and 196?
28
Let d(t) = t**2 - 7*t + 8. Suppose 3*y - 3*u + 0*u - 27 = 0, 3*y = -3*u + 15. Let w be d(y). Calculate the highest common factor of 24 and w.
8
Let b be (25 - 14)*(2 + 0/(-1)). Calculate the highest common factor of 99 and b.
11
Let d be 2/9 - (-735)/(-27). Let i = -16 - d. Let m = 7 + 4. What is the greatest common factor of i and m?
11
Let x = -96 + 99. Let y(i) = i**3 - 3*i**2 - i + 11. Let m be y(x). What is the greatest common factor of 184 and m?
8
Let i be -62*4/(7 + 1). Let p = 41 + i. Let g = 0 + p. What is the greatest common factor of g and 110?
10
Let s = 1016 - 937. What is the highest common factor of s and 1264?
79
Let b = -366 + 659. Suppose 2*n - 211 = b. What is the highest common factor of n and 28?
28
Suppose -c + 803 = 239. Suppose -c + 15 = -3*w. Calculate the greatest common factor of 122 and w.
61
Let s = -21 - -51. What is the greatest common divisor of 5 and s?
5
Suppose 2*a - 3*a + 746 = h, -a + 3*h + 738 = 0. Suppose -10*n = -56 - a. What is the greatest common divisor of 16 and n?
16
Let m(k) = k**3 + 13*k**2 - 15*k + 7. Let o be m(-14). What is the highest common divisor of o and 903?
21
Suppose -119*z = -115*z - 84. What is the greatest common factor of z and 84?
21
Let i be ((-1)/(-2))/((-1)/(-2)). Let r be (-84)/(-60)*((-2 - -3) + 4). What is the highest common divisor of i and r?
1
Suppose -c = 3*l - 40 + 2, -2*c + 43 = 3*l. Let x be 2*307/8 - 2/(-8). What is the highest common divisor of l and x?
11
Suppose 3*o - 2*g - 36 = g, 0 = -2*o + 4*g + 30. Suppose 11*h - 20 = o*h. Calculate the highest common divisor of 110 and h.
10
Suppose 0 = -c - 4 + 18. Let x(m) = -m**3 + 8*m**2 + 12*m - 22. Let i be x(9). Suppose i*d - c = 1. What is the greatest common divisor of 12 and d?
3
Let k = 114 - 101. Suppose 9*x = k*x - 304. Calculate the highest common factor of 4 and x.
4
Let c(z) = -15*z - 5. Let y be c(-12). Suppose -28*v + 1022 - 322 = 0. Calculate the highest common divisor of y and v.
25
Suppose 60 = 2*o + 2*j, 3*j + j - 4 = 0. Suppose -48 = 3*m + 75. Let t = o - m. Calculate the highest common divisor of 14 and t.
14
Let z = 100 - 58. Let m(i) = -i**3 + 11*i**2 - 4*i + 210. Let t be m(9). Calculate the highest common factor of t and z.
42
Suppose -1 = -8*s - 33. Let f be 77/(-22)*(0 + s). What is the highest common factor of f and 21?
7
Suppose 0 = 3*r - 8223 - 8217. Suppose -r = -3*v + 1255. Let t be v/25 + (-2)/(-10). What is the highest common divisor of 10 and t?
10
Let h(f) = 24*f - 648. Let a be h(30). What is the greatest common divisor of 8 and a?
8
Suppose -3*q - 18 - 23 = -o, 46 = o - 4*q. Calculate the highest common divisor of 338 and o.
26
Let l(k) = -k**3 + 7*k**2 - 9*k - 3. Let y be l(4). Suppose -b + 1 = -14. What is the highest common factor of y and b?
3
Let i be (-69)/15 - ((-36)/10 - -3). Let f be 16 + 0/(-1) + 6 + i. What is the greatest common factor of f and 144?
18
Suppose 3*u + u = 840. Suppose 0*h = 5*h - u. What is the highest common factor of 105 and h?
21
Let c(y) = 5*y - 1. Let s be c(1). Suppose -12 = -s*v, v - 1 = x - 0. Let a be 133 - (-3 + x)*-1. What is the highest common factor of a and 33?
33
Suppose -17*f - 2451 = -60*f. Calculate the greatest common divisor of 475 and f.
19
Suppose 0 = 2*g + 4*t - 286, -429 = -0*g - 3*g - 3*t. Let x = 7 - -3. Let p = 23 - x. Calculate the highest common divisor of p and g.
13
Suppose 94 = 21*l + 26*l. Let g(w) = w**2 - 5*w + 6. Let c be g(5). What is the greatest common factor of c and l?
2
Suppose -639*n = -633*n - 276. What is the greatest common divisor of n and 1242?
46
Let o = -60 - -128. Let x(p) = -27*p - 19. Let r be x(-7). What is the highest common divisor of r and o?
34
Suppose 5*o = 1 - 61. Let x be (o/(-20))/((-1)/(-5)). Let f = 6 + x. What is the highest common factor of f and 72?
9
Let f be (-13 - (14 - 47))/((-2)/(-13)). Calculate the highest common factor of f and 1170.
130
Let y be (2 + -4)*(-135)/2. Suppose 12 + 33 = 3*h. What is the greatest common factor of h and y?
15
Let l(o) = -o + 3. Let n be l(5). Let d(y) = 4*y + 3. Let u be d(n). Let c be 3/u - (-864)/40. Calculate the highest common divisor of c and 3.
3
Let a(s) = s**3 + 4*s - 3. Let i be a(2). Calculate the greatest common factor of i and 13.
13
Let n(u) = -u**3 + 9*u**2 + 24*u + 3. Let b be n(11). What is the greatest common divisor of 400 and b?
25
Let i(n) = n**3 + 18*n**2 - 20*n + 27. Suppose -5*o = -5*r + 105, o + 15 = -0*o - 2*r. Let h be i(o). Calculate the greatest common factor of h and 23.
23
Let i(l) = 18 - 32 + 10 - l. Let n be i(-8). Let h = -6 + 16. Calculate the greatest common factor of n and h.
2
Let r = 66 - 6. Suppose -r = -z - 2*z. Suppose 0 = f - 0*f - z. What is the highest common factor of f and 50?
10
Suppose 3*y + 4 - 10 = 0. Let p be y - (4 - 2) - -4. Suppose -p*b = -7*b + 165. What is the highest common factor of b and 11?
11
Let q(w) = 41*w**2 - 16*w + 20. Let k be q(4). Calculate the greatest common divisor of 12 and k.
12
Let v(r) be the second derivative of 2*r**4/3 - r**2 + 24*r. Let g be v(2). Calculate the highest common divisor of 3 and g.
3
Let c(n) = -10*n. Let y be c(-1). Suppose 4*j + 30 = 2*f, -f - 5*j + 5 + 45 = 0. Calculate the greatest common factor of f and y.
5
Suppose -32*h + 33*h = -6. Let r be 24*(1 + (-1)/2). Let n = r + h. What is the highest common divisor of 2 and n?
2
Let n be (-594)/(-33)*(-3)/(-18). Let p(g) = -2*g + 1. Let v be p(-4). What is the highest common factor of n and v?
3
Let v(u) = -5*u + 35. Let q be v(-2). Calculate the greatest common divisor of q and 420.
15
Let x be (-92)/(-3) + (-320)/192. Calculate the greatest common divisor of x and 1189.
29
Let m be 6/(-10) - (3216/(-20))/3. Suppose 2*f + 2*f = -t + m, 3*f - 54 = 4*t. What is the greatest common factor of f and 21?
7
Suppose -53 = -3*t - 5. Suppose -5*b - 4*d = -0*b - 16, 5*b - 25 = 5*d. Calculate the greatest common divisor of t and b.
4
Let n(b) = -b**3 - 2*b**2 + 4*b + 1. Let u be n(-5). Let x = u - 30. Let f be (-663)/(-68)*4*2. Calculate the greatest common factor of f and x.
26
Suppose -46*o + 40*o + 174 = 0. Calculate the greatest common divisor of o and 232.
29
Suppose 4*l - 2*l - i - 12 = 0, -5*l + 5*i = -25. Let g(r) = 7*r + 21. Let t = 22 + -16. Let f be g(t). What is the highest common factor of l and f?
7
Let q be 6/15 + 76/10. Let f = -64 - -80. What is the greatest common divisor of f and q?
8
Let s be (-1911)/(-28) - 1/4. Calculate the greatest common divisor of s and 187.
17
Let q = -35 + 35. Suppose -s + 3 = -2*u - q, -u = -3*s + 4. Let i(h) = -79*h + 1. Let f be i(u). Calculate the greatest common factor of 120 and f.
40
Suppose -4*n = -4*z - 304, 329 = 5*n 